{"id":57,"date":"2021-01-31T15:30:07","date_gmt":"2021-01-31T14:30:07","guid":{"rendered":"https:\/\/dronemyday.com\/?page_id=57"},"modified":"2025-12-18T12:47:56","modified_gmt":"2025-12-18T11:47:56","slug":"57-2","status":"publish","type":"page","link":"https:\/\/prusak.org\/index.php\/57-2\/","title":{"rendered":"O\u015b czasu"},"content":{"rendered":"\t\t\t<!-- Cool Timeline PRO V4.9.1 -->\r\n\t\t\t<div class=\"ctl-wrapper\" role=\"region\" aria-label=\"Timeline\">\r\n\t\t\t\t\t\t\t\t<div id=\"cool_timeline_1\" class=\"cool-timeline-wrapper ctl-both-sided ctl-vertical-wrapper ctl-compact-wrapper ctl-default light-skin\" data-nav=\"show\" data-line-filling=\"false\" data-nav-pos=\"right\" data-nav-style=\"style-1\">\r\n\t\t\t\t\t<div class=\"ctl-start\"><\/div>\r\n\t\t\t\t\t<!-- Timeline Container -->\r\n\t\t\t\t\t<div class=\"ctl-timeline ctl-timeline-container\" data-animation=\"none\" aria-live=\"polite\">\r\n\t\t\t\t\t\t<!-- Center Line -->\r\n\t\t\t\t\t\t<div class=\"ctl-inner-line\" role=\"presentation\"><\/div>\r\n\t\t\t\t\t\t<!-- Timeline Content --><div id=\"ctl-story-3466\" class=\"ctl-story ctl-story-icon odd ctl-story-right ctl-main-date\" data-story-index=\"1\" role=\"article\"><span class=\"scrollable-section ctl-year-container\" data-section-title=\"2025\"><\/span><!-- Story Icon --><div class=\"ctl-icon\"><i class= \"fa fas fa-car-side\" aria-hidden =\"true\" ><\/i><\/div> <!-- Story Arrow --><div class=\"ctl-arrow\"><\/div>\r\n\t\t\t<!-- Story Content --><div class=\"ctl-content\"><!-- Story Title --> <div class=\"ctl-title story-3466\" role=\"heading\" aria-level=\"2\"><a target=\"_self\" title=\"NATO Days, Ostrava\" href=\"https:\/\/prusak.org\/index.php\/timeline\/nato-days-ostrava\/\" class=\"story-link\">NATO Days, Ostrava<\/a><\/div><!-- Story Media --><div class=\"ctl-media full\"><a target=\"_self\" title=\"NATO Days, Ostrava\" href=\"https:\/\/prusak.org\/index.php\/timeline\/nato-days-ostrava\/\" class=\"story-link\"><img loading=\"lazy\" decoding=\"async\" width=\"1024\" height=\"449\" src=\"https:\/\/i0.wp.com\/prusak.org\/wp-content\/uploads\/2025\/09\/DSC_2124-1.jpg?fit=1024%2C449&amp;ssl=1\" class=\"story-img wp-post-image\" alt=\"NATO Days, Ostrava\" srcset=\"https:\/\/i0.wp.com\/prusak.org\/wp-content\/uploads\/2025\/09\/DSC_2124-1.jpg?w=2136&amp;ssl=1 2136w, https:\/\/i0.wp.com\/prusak.org\/wp-content\/uploads\/2025\/09\/DSC_2124-1.jpg?resize=300%2C131&amp;ssl=1 300w, https:\/\/i0.wp.com\/prusak.org\/wp-content\/uploads\/2025\/09\/DSC_2124-1.jpg?resize=1024%2C449&amp;ssl=1 1024w, https:\/\/i0.wp.com\/prusak.org\/wp-content\/uploads\/2025\/09\/DSC_2124-1.jpg?resize=768%2C337&amp;ssl=1 768w, https:\/\/i0.wp.com\/prusak.org\/wp-content\/uploads\/2025\/09\/DSC_2124-1.jpg?resize=1536%2C673&amp;ssl=1 1536w, https:\/\/i0.wp.com\/prusak.org\/wp-content\/uploads\/2025\/09\/DSC_2124-1.jpg?resize=2048%2C897&amp;ssl=1 2048w\" sizes=\"auto, (max-width: 1024px) 100vw, 1024px\" \/><\/a><\/div><!-- Story Date --><div class=\"ctl-labels\"><div class=\"ctl-label-big story-date\">20 wrze\u015bnia 2025<\/div><\/div><!-- Story Description --><div class=\"ctl-description\"><p>Chocia\u017c to nie typowy sirshow, to nie zabrak\u0142o w powietrzu gwiazd i premier. Na pewno top 3 tych pokaz\u00f3w, to Harrier, Rafale oraz B-52. Dni NATO w czeskiej Ostravie po raz kolejny nie zawiod\u0142y. ngg_shortcode_0_placeholder<\/p>\n<\/div><\/div><\/div><!-- Timeline Content --><div id=\"ctl-story-3434\" class=\"ctl-story ctl-story-icon even ctl-story-left ctl-main-date\" data-story-index=\"2\" role=\"article\"><!-- Story Icon --><div class=\"ctl-icon\"><i class= \"fa fas fa-motorcycle\" aria-hidden =\"true\" ><\/i><\/div> <!-- Story Arrow --><div class=\"ctl-arrow\"><\/div>\r\n\t\t\t<!-- Story Content --><div class=\"ctl-content\"><!-- Story Title --> <div class=\"ctl-title story-3434\" role=\"heading\" aria-level=\"2\"><a target=\"_self\" title=\"Slovenija\" href=\"https:\/\/prusak.org\/index.php\/timeline\/slovenija\/\" class=\"story-link\">Slovenija<\/a><\/div><!-- Story Media --><div class=\"ctl-media full\"><a target=\"_self\" title=\"Slovenija\" href=\"https:\/\/prusak.org\/index.php\/timeline\/slovenija\/\" class=\"story-link\"><img loading=\"lazy\" decoding=\"async\" width=\"1024\" height=\"384\" src=\"https:\/\/i0.wp.com\/prusak.org\/wp-content\/uploads\/2025\/06\/IMG_0553.jpg?fit=1024%2C384&amp;ssl=1\" class=\"story-img wp-post-image\" alt=\"Slovenija\" srcset=\"https:\/\/i0.wp.com\/prusak.org\/wp-content\/uploads\/2025\/06\/IMG_0553.jpg?w=1920&amp;ssl=1 1920w, https:\/\/i0.wp.com\/prusak.org\/wp-content\/uploads\/2025\/06\/IMG_0553.jpg?resize=300%2C113&amp;ssl=1 300w, https:\/\/i0.wp.com\/prusak.org\/wp-content\/uploads\/2025\/06\/IMG_0553.jpg?resize=1024%2C384&amp;ssl=1 1024w, https:\/\/i0.wp.com\/prusak.org\/wp-content\/uploads\/2025\/06\/IMG_0553.jpg?resize=768%2C288&amp;ssl=1 768w, https:\/\/i0.wp.com\/prusak.org\/wp-content\/uploads\/2025\/06\/IMG_0553.jpg?resize=1536%2C576&amp;ssl=1 1536w\" sizes=\"auto, (max-width: 1024px) 100vw, 1024px\" \/><\/a><\/div><!-- Story Date --><div class=\"ctl-labels\"><div class=\"ctl-label-big story-date\">27 czerwca 2025<\/div><\/div><!-- Story Description --><div class=\"ctl-description\"><p>Moto wycieczka do S\u0142owenii. Zaliczone: Maribor z najstarsz\u0105 winoro\u015bl\u0105, Lubljana, Wodospad Pericnic, Velikanka, Mangart Saddle, Koryto Soczy, Prze\u0142\u0119cz Virsi\u0107, Prze\u0142\u0119cz Wurzen, Langarska Dolina, Jaskinia Postojn\u0105, Zamek Predjama. Dodatkowo odwiedzony Triest i chorwacka wyspa KRK. I po drodze w obie strony czeski Mikulov. ngg_shortcode_1_placeholder<\/p>\n<\/div><\/div><\/div><!-- Timeline Content --><div id=\"ctl-story-3315\" class=\"ctl-story ctl-story-icon odd ctl-story-right ctl-main-date\" data-story-index=\"3\" role=\"article\"><!-- Story Icon --><div class=\"ctl-icon\"><i class= \"fa fas fa-motorcycle\" aria-hidden =\"true\" ><\/i><\/div> <!-- Story Arrow --><div class=\"ctl-arrow\"><\/div>\r\n\t\t\t<!-- Story Content --><div class=\"ctl-content\"><!-- Story Title --> <div class=\"ctl-title story-3315\" role=\"heading\" aria-level=\"2\"><a target=\"_self\" title=\"Korsyka\" href=\"https:\/\/prusak.org\/index.php\/timeline\/korsyka\/\" class=\"story-link\">Korsyka<\/a><\/div><!-- Story Media --><div class=\"ctl-media full\"><a target=\"_self\" title=\"Korsyka\" href=\"https:\/\/prusak.org\/index.php\/timeline\/korsyka\/\" class=\"story-link\"><img loading=\"lazy\" decoding=\"async\" width=\"1024\" height=\"384\" src=\"https:\/\/i0.wp.com\/prusak.org\/wp-content\/uploads\/2025\/06\/magnes.jpg?fit=1024%2C384&amp;ssl=1\" class=\"story-img wp-post-image\" alt=\"Korsyka\" srcset=\"https:\/\/i0.wp.com\/prusak.org\/wp-content\/uploads\/2025\/06\/magnes.jpg?w=1920&amp;ssl=1 1920w, https:\/\/i0.wp.com\/prusak.org\/wp-content\/uploads\/2025\/06\/magnes.jpg?resize=300%2C113&amp;ssl=1 300w, https:\/\/i0.wp.com\/prusak.org\/wp-content\/uploads\/2025\/06\/magnes.jpg?resize=1024%2C384&amp;ssl=1 1024w, https:\/\/i0.wp.com\/prusak.org\/wp-content\/uploads\/2025\/06\/magnes.jpg?resize=768%2C288&amp;ssl=1 768w, https:\/\/i0.wp.com\/prusak.org\/wp-content\/uploads\/2025\/06\/magnes.jpg?resize=1536%2C576&amp;ssl=1 1536w\" sizes=\"auto, (max-width: 1024px) 100vw, 1024px\" \/><\/a><\/div><!-- Story Date --><div class=\"ctl-labels\"><div class=\"ctl-label-big story-date\">13 czerwca 2025<\/div><\/div><!-- Story Description --><div class=\"ctl-description\"><p>Wycieczka na Korsyk\u0119 na dw\u00f3ch motocyklach. Po drodze wiele prze\u0142\u0119czy, m.in. Wurzen, Virsi\u0107, Sanboldo, Timmelsjoch, Giovo. By\u0142o te\u017c Monako. ngg_shortcode_2_placeholder<\/p>\n<\/div><\/div><\/div><!-- Timeline Content --><div id=\"ctl-story-3189\" class=\"ctl-story ctl-story-icon even ctl-story-left ctl-main-date\" data-story-index=\"4\" role=\"article\"><!-- Story Icon --><div class=\"ctl-icon\"><i class= \"fa fas fa-motorcycle\" aria-hidden =\"true\" ><\/i><\/div> <!-- Story Arrow --><div class=\"ctl-arrow\"><\/div>\r\n\t\t\t<!-- Story Content --><div class=\"ctl-content\"><!-- Story Title --> <div class=\"ctl-title story-3189\" role=\"heading\" aria-level=\"2\"><a target=\"_self\" title=\"Lany Poniedzia\u0142ek\" href=\"https:\/\/prusak.org\/index.php\/timeline\/lany-poniedzialek\/\" class=\"story-link\">Lany Poniedzia\u0142ek<\/a><\/div><!-- Story Media --><div class=\"ctl-media full\"><a target=\"_self\" title=\"Lany Poniedzia\u0142ek\" href=\"https:\/\/prusak.org\/index.php\/timeline\/lany-poniedzialek\/\" class=\"story-link\"><img loading=\"lazy\" decoding=\"async\" width=\"1024\" height=\"387\" src=\"https:\/\/i0.wp.com\/prusak.org\/wp-content\/uploads\/2025\/04\/IMG_9265logo.jpg?fit=1024%2C387&amp;ssl=1\" class=\"story-img wp-post-image\" alt=\"Lany Poniedzia\u0142ek\" srcset=\"https:\/\/i0.wp.com\/prusak.org\/wp-content\/uploads\/2025\/04\/IMG_9265logo.jpg?w=1920&amp;ssl=1 1920w, https:\/\/i0.wp.com\/prusak.org\/wp-content\/uploads\/2025\/04\/IMG_9265logo.jpg?resize=300%2C113&amp;ssl=1 300w, https:\/\/i0.wp.com\/prusak.org\/wp-content\/uploads\/2025\/04\/IMG_9265logo.jpg?resize=1024%2C387&amp;ssl=1 1024w, https:\/\/i0.wp.com\/prusak.org\/wp-content\/uploads\/2025\/04\/IMG_9265logo.jpg?resize=768%2C290&amp;ssl=1 768w, https:\/\/i0.wp.com\/prusak.org\/wp-content\/uploads\/2025\/04\/IMG_9265logo.jpg?resize=1536%2C580&amp;ssl=1 1536w\" sizes=\"auto, (max-width: 1024px) 100vw, 1024px\" \/><\/a><\/div><!-- Story Date --><div class=\"ctl-labels\"><div class=\"ctl-label-big story-date\">21 kwietnia 2025<\/div><\/div><!-- Story Description --><div class=\"ctl-description\"><p>420km w sk\u0142adzie: Yamaha Tracer 900, Voge 900dsx, Suzuki DL 1050. Troch\u0119 szutru, troch\u0119 wody. ngg_shortcode_3_placeholder&nbsp;<\/p>\n<\/div><\/div><\/div><!-- Timeline Content --><div id=\"ctl-story-3148\" class=\"ctl-story ctl-story-icon odd ctl-story-right ctl-main-date\" data-story-index=\"5\" role=\"article\"><span class=\"scrollable-section ctl-year-container\" data-section-title=\"2024\"><\/span><!-- Story Icon --><div class=\"ctl-icon\"><i class= \"fa fas fa-motorcycle\" aria-hidden =\"true\" ><\/i><\/div> <!-- Story Arrow --><div class=\"ctl-arrow\"><\/div>\r\n\t\t\t<!-- Story Content --><div class=\"ctl-content\"><!-- Story Title --> <div class=\"ctl-title story-3148\" role=\"heading\" aria-level=\"2\"><a target=\"_self\" title=\"Litwa\" href=\"https:\/\/prusak.org\/index.php\/timeline\/litwa\/\" class=\"story-link\">Litwa<\/a><\/div><!-- Story Media --><div class=\"ctl-media full\"><a target=\"_self\" title=\"Litwa\" href=\"https:\/\/prusak.org\/index.php\/timeline\/litwa\/\" class=\"story-link\"><img loading=\"lazy\" decoding=\"async\" width=\"1024\" height=\"288\" src=\"https:\/\/i0.wp.com\/prusak.org\/wp-content\/uploads\/2024\/08\/IMG_7765-scaled.jpg?fit=1024%2C288&amp;ssl=1\" class=\"story-img wp-post-image\" alt=\"Litwa\" srcset=\"https:\/\/i0.wp.com\/prusak.org\/wp-content\/uploads\/2024\/08\/IMG_7765-scaled.jpg?w=2560&amp;ssl=1 2560w, https:\/\/i0.wp.com\/prusak.org\/wp-content\/uploads\/2024\/08\/IMG_7765-scaled.jpg?resize=300%2C84&amp;ssl=1 300w, https:\/\/i0.wp.com\/prusak.org\/wp-content\/uploads\/2024\/08\/IMG_7765-scaled.jpg?resize=1024%2C288&amp;ssl=1 1024w, https:\/\/i0.wp.com\/prusak.org\/wp-content\/uploads\/2024\/08\/IMG_7765-scaled.jpg?resize=768%2C216&amp;ssl=1 768w, https:\/\/i0.wp.com\/prusak.org\/wp-content\/uploads\/2024\/08\/IMG_7765-scaled.jpg?resize=1536%2C432&amp;ssl=1 1536w, https:\/\/i0.wp.com\/prusak.org\/wp-content\/uploads\/2024\/08\/IMG_7765-scaled.jpg?resize=2048%2C576&amp;ssl=1 2048w\" sizes=\"auto, (max-width: 1024px) 100vw, 1024px\" \/><\/a><\/div><!-- Story Date --><div class=\"ctl-labels\"><div class=\"ctl-label-big story-date\">18 sierpnia 2024<\/div><\/div><!-- Story Description --><div class=\"ctl-description\"><p>Kilka dni na Litwie. W programie Troki, Wilno i Kowno. ngg_shortcode_4_placeholder<\/p>\n<\/div><\/div><\/div><!-- Timeline Content --><div id=\"ctl-story-3146\" class=\"ctl-story ctl-story-icon even ctl-story-left ctl-main-date\" data-story-index=\"6\" role=\"article\"><!-- Story Icon --><div class=\"ctl-icon\"><i class= \"fa fas fa-plane-departure\" aria-hidden =\"true\" ><\/i><\/div> <!-- Story Arrow --><div class=\"ctl-arrow\"><\/div>\r\n\t\t\t<!-- Story Content --><div class=\"ctl-content\"><!-- Story Title --> <div class=\"ctl-title story-3146\" role=\"heading\" aria-level=\"2\"><a target=\"_self\" title=\"Rodos &#038; Symi\" href=\"https:\/\/prusak.org\/index.php\/timeline\/rodos-symi\/\" class=\"story-link\">Rodos &#038; Symi<\/a><\/div><!-- Story Media --><div class=\"ctl-media full\"><a target=\"_self\" title=\"Rodos &#038; Symi\" href=\"https:\/\/prusak.org\/index.php\/timeline\/rodos-symi\/\" class=\"story-link\"><img loading=\"lazy\" decoding=\"async\" width=\"1024\" height=\"288\" src=\"https:\/\/i0.wp.com\/prusak.org\/wp-content\/uploads\/2024\/08\/IMG_7764-scaled.jpg?fit=1024%2C288&amp;ssl=1\" class=\"story-img wp-post-image\" alt=\"Rodos &#038; Symi\" srcset=\"https:\/\/i0.wp.com\/prusak.org\/wp-content\/uploads\/2024\/08\/IMG_7764-scaled.jpg?w=2560&amp;ssl=1 2560w, https:\/\/i0.wp.com\/prusak.org\/wp-content\/uploads\/2024\/08\/IMG_7764-scaled.jpg?resize=300%2C84&amp;ssl=1 300w, https:\/\/i0.wp.com\/prusak.org\/wp-content\/uploads\/2024\/08\/IMG_7764-scaled.jpg?resize=1024%2C288&amp;ssl=1 1024w, https:\/\/i0.wp.com\/prusak.org\/wp-content\/uploads\/2024\/08\/IMG_7764-scaled.jpg?resize=768%2C216&amp;ssl=1 768w, https:\/\/i0.wp.com\/prusak.org\/wp-content\/uploads\/2024\/08\/IMG_7764-scaled.jpg?resize=1536%2C432&amp;ssl=1 1536w, https:\/\/i0.wp.com\/prusak.org\/wp-content\/uploads\/2024\/08\/IMG_7764-scaled.jpg?resize=2048%2C576&amp;ssl=1 2048w\" sizes=\"auto, (max-width: 1024px) 100vw, 1024px\" \/><\/a><\/div><!-- Story Date --><div class=\"ctl-labels\"><div class=\"ctl-label-big story-date\">12 sierpnia 2024<\/div><\/div><!-- Story Description --><div class=\"ctl-description\"><p>Druga wizyta na Rodos z odwiedzinami w dolinie motyli oraz rejs na wysp\u0119 Symi. ngg_shortcode_5_placeholder<\/p>\n<\/div><\/div><\/div><!-- Timeline Content --><div id=\"ctl-story-3012\" class=\"ctl-story ctl-story-icon odd ctl-story-right ctl-main-date\" data-story-index=\"7\" role=\"article\"><!-- Story Icon --><div class=\"ctl-icon\"><i class= \"fa fas fa-motorcycle\" aria-hidden =\"true\" ><\/i><\/div> <!-- Story Arrow --><div class=\"ctl-arrow\"><\/div>\r\n\t\t\t<!-- Story Content --><div class=\"ctl-content\"><!-- Story Title --> <div class=\"ctl-title story-3012\" role=\"heading\" aria-level=\"2\"><a target=\"_self\" title=\"Stelvio Pass\" href=\"https:\/\/prusak.org\/index.php\/timeline\/stelvio-pass\/\" class=\"story-link\">Stelvio Pass<\/a><\/div><!-- Story Media --><div class=\"ctl-media full\"><a target=\"_self\" title=\"Stelvio Pass\" href=\"https:\/\/prusak.org\/index.php\/timeline\/stelvio-pass\/\" class=\"story-link\"><img loading=\"lazy\" decoding=\"async\" width=\"1024\" height=\"384\" src=\"https:\/\/i0.wp.com\/prusak.org\/wp-content\/uploads\/2024\/07\/IMG_7057.jpg?fit=1024%2C384&amp;ssl=1\" class=\"story-img wp-post-image\" alt=\"Stelvio Pass\" srcset=\"https:\/\/i0.wp.com\/prusak.org\/wp-content\/uploads\/2024\/07\/IMG_7057.jpg?w=1920&amp;ssl=1 1920w, https:\/\/i0.wp.com\/prusak.org\/wp-content\/uploads\/2024\/07\/IMG_7057.jpg?resize=300%2C113&amp;ssl=1 300w, https:\/\/i0.wp.com\/prusak.org\/wp-content\/uploads\/2024\/07\/IMG_7057.jpg?resize=1024%2C384&amp;ssl=1 1024w, https:\/\/i0.wp.com\/prusak.org\/wp-content\/uploads\/2024\/07\/IMG_7057.jpg?resize=768%2C288&amp;ssl=1 768w, https:\/\/i0.wp.com\/prusak.org\/wp-content\/uploads\/2024\/07\/IMG_7057.jpg?resize=1536%2C576&amp;ssl=1 1536w\" sizes=\"auto, (max-width: 1024px) 100vw, 1024px\" \/><\/a><\/div><!-- Story Date --><div class=\"ctl-labels\"><div class=\"ctl-label-big story-date\">7 lipca 2024<\/div><\/div><!-- Story Description --><div class=\"ctl-description\"><p>Pi\u0119ciodniowa wycieczka, kt\u00f3rej celem by\u0142 przejazd przez prze\u0142\u0119cz Stelvio. Jednak to Gavia wygra\u0142a w\u015br\u00f3d licznych prze\u0142\u0119czy, kt\u00f3re pokonali\u015bmy. ngg_shortcode_6_placeholder<\/p>\n<\/div><\/div><\/div><!-- Timeline Content --><div id=\"ctl-story-2914\" class=\"ctl-story ctl-story-icon even ctl-story-left ctl-main-date\" data-story-index=\"8\" role=\"article\"><!-- Story Icon --><div class=\"ctl-icon\"><i class= \"fa fas fa-motorcycle\" aria-hidden =\"true\" ><\/i><\/div> <!-- Story Arrow --><div class=\"ctl-arrow\"><\/div>\r\n\t\t\t<!-- Story Content --><div class=\"ctl-content\"><!-- Story Title --> <div class=\"ctl-title story-2914\" role=\"heading\" aria-level=\"2\"><a target=\"_self\" title=\"Orientarium\" href=\"https:\/\/prusak.org\/index.php\/timeline\/orientarium\/\" class=\"story-link\">Orientarium<\/a><\/div><!-- Story Media --><div class=\"ctl-media full\"><a target=\"_self\" title=\"Orientarium\" href=\"https:\/\/prusak.org\/index.php\/timeline\/orientarium\/\" class=\"story-link\"><img loading=\"lazy\" decoding=\"async\" width=\"1024\" height=\"384\" src=\"https:\/\/i0.wp.com\/prusak.org\/wp-content\/uploads\/2024\/06\/IMG_6664.jpg?fit=1024%2C384&amp;ssl=1\" class=\"story-img wp-post-image\" alt=\"Orientarium\" srcset=\"https:\/\/i0.wp.com\/prusak.org\/wp-content\/uploads\/2024\/06\/IMG_6664.jpg?w=1920&amp;ssl=1 1920w, https:\/\/i0.wp.com\/prusak.org\/wp-content\/uploads\/2024\/06\/IMG_6664.jpg?resize=300%2C113&amp;ssl=1 300w, https:\/\/i0.wp.com\/prusak.org\/wp-content\/uploads\/2024\/06\/IMG_6664.jpg?resize=1024%2C384&amp;ssl=1 1024w, https:\/\/i0.wp.com\/prusak.org\/wp-content\/uploads\/2024\/06\/IMG_6664.jpg?resize=768%2C288&amp;ssl=1 768w, https:\/\/i0.wp.com\/prusak.org\/wp-content\/uploads\/2024\/06\/IMG_6664.jpg?resize=1536%2C576&amp;ssl=1 1536w\" sizes=\"auto, (max-width: 1024px) 100vw, 1024px\" \/><\/a><\/div><!-- Story Date --><div class=\"ctl-labels\"><div class=\"ctl-label-big story-date\">29 czerwca 2024<\/div><\/div><!-- Story Description --><div class=\"ctl-description\"><p>Najlepsze jak dot\u0105d zoo w PL. ngg_shortcode_7_placeholder<\/p>\n<\/div><\/div><\/div><!-- Timeline Content --><div id=\"ctl-story-2895\" class=\"ctl-story ctl-story-icon odd ctl-story-right ctl-main-date\" data-story-index=\"9\" role=\"article\"><!-- Story Icon --><div class=\"ctl-icon\"><i class= \"fa fas fa-motorcycle\" aria-hidden =\"true\" ><\/i><\/div> <!-- Story Arrow --><div class=\"ctl-arrow\"><\/div>\r\n\t\t\t<!-- Story Content --><div class=\"ctl-content\"><!-- Story Title --> <div class=\"ctl-title story-2895\" role=\"heading\" aria-level=\"2\"><a target=\"_self\" title=\"Lubovna\/Bardziej\u00f3w\" href=\"https:\/\/prusak.org\/index.php\/timeline\/lubovna-bardziejow\/\" class=\"story-link\">Lubovna\/Bardziej\u00f3w<\/a><\/div><!-- Story Media --><div class=\"ctl-media full\"><a target=\"_self\" title=\"Lubovna\/Bardziej\u00f3w\" href=\"https:\/\/prusak.org\/index.php\/timeline\/lubovna-bardziejow\/\" class=\"story-link\"><img loading=\"lazy\" decoding=\"async\" width=\"1024\" height=\"384\" src=\"https:\/\/i0.wp.com\/prusak.org\/wp-content\/uploads\/2024\/06\/IMG_6521.jpg?fit=1024%2C384&amp;ssl=1\" class=\"story-img wp-post-image\" alt=\"Lubovna\/Bardziej\u00f3w\" srcset=\"https:\/\/i0.wp.com\/prusak.org\/wp-content\/uploads\/2024\/06\/IMG_6521.jpg?w=1920&amp;ssl=1 1920w, https:\/\/i0.wp.com\/prusak.org\/wp-content\/uploads\/2024\/06\/IMG_6521.jpg?resize=300%2C113&amp;ssl=1 300w, https:\/\/i0.wp.com\/prusak.org\/wp-content\/uploads\/2024\/06\/IMG_6521.jpg?resize=1024%2C384&amp;ssl=1 1024w, https:\/\/i0.wp.com\/prusak.org\/wp-content\/uploads\/2024\/06\/IMG_6521.jpg?resize=768%2C288&amp;ssl=1 768w, https:\/\/i0.wp.com\/prusak.org\/wp-content\/uploads\/2024\/06\/IMG_6521.jpg?resize=1536%2C576&amp;ssl=1 1536w\" sizes=\"auto, (max-width: 1024px) 100vw, 1024px\" \/><\/a><\/div><!-- Story Date --><div class=\"ctl-labels\"><div class=\"ctl-label-big story-date\">8 czerwca 2024<\/div><\/div><!-- Story Description --><div class=\"ctl-description\"><p>Zamek w Lubovnej z pokazem sokolnika + miasteczko Bardziej\u00f3w. ngg_shortcode_8_placeholder<\/p>\n<\/div><\/div><\/div><!-- Timeline Content --><div id=\"ctl-story-2854\" class=\"ctl-story ctl-story-icon even ctl-story-left ctl-main-date\" data-story-index=\"10\" role=\"article\"><!-- Story Icon --><div class=\"ctl-icon\"><i class= \"fa fas fa-motorcycle\" aria-hidden =\"true\" ><\/i><\/div> <!-- Story Arrow --><div class=\"ctl-arrow\"><\/div>\r\n\t\t\t<!-- Story Content --><div class=\"ctl-content\"><!-- Story Title --> <div class=\"ctl-title story-2854\" role=\"heading\" aria-level=\"2\"><a target=\"_self\" title=\"Vlkolinec\" href=\"https:\/\/prusak.org\/index.php\/timeline\/vlkolinec\/\" class=\"story-link\">Vlkolinec<\/a><\/div><!-- Story Media --><div class=\"ctl-media full\"><a target=\"_self\" title=\"Vlkolinec\" href=\"https:\/\/prusak.org\/index.php\/timeline\/vlkolinec\/\" class=\"story-link\"><img loading=\"lazy\" decoding=\"async\" width=\"1024\" height=\"384\" src=\"https:\/\/i0.wp.com\/prusak.org\/wp-content\/uploads\/2024\/05\/IMG_6262.jpg?fit=1024%2C384&amp;ssl=1\" class=\"story-img wp-post-image\" alt=\"Vlkolinec\" srcset=\"https:\/\/i0.wp.com\/prusak.org\/wp-content\/uploads\/2024\/05\/IMG_6262.jpg?w=1920&amp;ssl=1 1920w, https:\/\/i0.wp.com\/prusak.org\/wp-content\/uploads\/2024\/05\/IMG_6262.jpg?resize=300%2C113&amp;ssl=1 300w, https:\/\/i0.wp.com\/prusak.org\/wp-content\/uploads\/2024\/05\/IMG_6262.jpg?resize=1024%2C384&amp;ssl=1 1024w, https:\/\/i0.wp.com\/prusak.org\/wp-content\/uploads\/2024\/05\/IMG_6262.jpg?resize=768%2C288&amp;ssl=1 768w, https:\/\/i0.wp.com\/prusak.org\/wp-content\/uploads\/2024\/05\/IMG_6262.jpg?resize=1536%2C576&amp;ssl=1 1536w\" sizes=\"auto, (max-width: 1024px) 100vw, 1024px\" \/><\/a><\/div><!-- Story Date --><div class=\"ctl-labels\"><div class=\"ctl-label-big story-date\">4 maja 2024<\/div><\/div><!-- Story Description --><div class=\"ctl-description\"><p>Hu\u015btawka z widokiem na Tatry, to niew\u0105tpliwie g\u0142\u00f3wna atrakcja tego wyjazdu \ud83d\ude42 ngg_shortcode_9_placeholder<\/p>\n<\/div><\/div><\/div>\t\t\t\t\t<\/div>\r\n\t\t\t\t\t<div class=\"ctl-end\"><\/div>\r\n\t\t\t\t\t<nav class=\"ctl-pagination\" aria-label=\"Timeline Navigation\"><span class=\"page-numbers ctl-page-num\" role=\"status\"> Page 1 of 7<\/span> <span aria-current=\"page\" class=\"page-numbers current\">1<\/span>\n<a class=\"page-numbers\" href=\"https:\/\/prusak.org\/index.php\/wp-json\/wp\/v2\/pages\/57\/page\/2\/\">2<\/a>\n<span class=\"page-numbers dots\">&hellip;<\/span>\n<a class=\"page-numbers\" href=\"https:\/\/prusak.org\/index.php\/wp-json\/wp\/v2\/pages\/57\/page\/7\/\">7<\/a>\n<a class=\"next page-numbers\" href=\"https:\/\/prusak.org\/index.php\/wp-json\/wp\/v2\/pages\/57\/page\/2\/\"><i class=\"fas fa-angle-double-right\"><\/i><\/a><\/nav>\t\t\t\t<\/div>\r\n\t\t\t<\/div>\r\n\t\t\t\n\n\n<p><\/p>\n","protected":false},"excerpt":{"rendered":"","protected":false},"author":1,"featured_media":0,"parent":0,"menu_order":0,"comment_status":"open","ping_status":"closed","template":"","meta":{"_coblocks_attr":"","_coblocks_dimensions":"","_coblocks_responsive_height":"","_coblocks_accordion_ie_support":"","ngg_post_thumbnail":0,"footnotes":""},"class_list":["post-57","page","type-page","status-publish","hentry"],"jetpack_sharing_enabled":true,"_links":{"self":[{"href":"https:\/\/prusak.org\/index.php\/wp-json\/wp\/v2\/pages\/57","targetHints":{"allow":["GET"]}}],"collection":[{"href":"https:\/\/prusak.org\/index.php\/wp-json\/wp\/v2\/pages"}],"about":[{"href":"https:\/\/prusak.org\/index.php\/wp-json\/wp\/v2\/types\/page"}],"author":[{"embeddable":true,"href":"https:\/\/prusak.org\/index.php\/wp-json\/wp\/v2\/users\/1"}],"replies":[{"embeddable":true,"href":"https:\/\/prusak.org\/index.php\/wp-json\/wp\/v2\/comments?post=57"}],"version-history":[{"count":18,"href":"https:\/\/prusak.org\/index.php\/wp-json\/wp\/v2\/pages\/57\/revisions"}],"predecessor-version":[{"id":3490,"href":"https:\/\/prusak.org\/index.php\/wp-json\/wp\/v2\/pages\/57\/revisions\/3490"}],"wp:attachment":[{"href":"https:\/\/prusak.org\/index.php\/wp-json\/wp\/v2\/media?parent=57"}],"curies":[{"name":"wp","href":"https:\/\/api.w.org\/{rel}","templated":true}]}}